{"id":102,"date":"2025-06-30T22:09:53","date_gmt":"2025-06-30T22:09:53","guid":{"rendered":"https:\/\/fixpagprueba.fixgroup.net\/?page_id=102"},"modified":"2025-07-22T14:36:52","modified_gmt":"2025-07-22T14:36:52","slug":"kvm-ip","status":"publish","type":"page","link":"https:\/\/fixpagprueba.fixgroup.net\/?page_id=102","title":{"rendered":"KVM IP"},"content":{"rendered":"\t\t<div data-elementor-type=\"wp-page\" data-elementor-id=\"102\" class=\"elementor elementor-102\">\n\t\t\t\t<div class=\"elementor-element elementor-element-174de2b e-flex e-con-boxed e-con e-parent\" data-id=\"174de2b\" data-element_type=\"container\" data-settings=\"{&quot;background_background&quot;:&quot;classic&quot;}\">\n\t\t\t\t\t<div class=\"e-con-inner\">\n\t\t\t\t<div class=\"elementor-element elementor-element-be8b829 elementor-widget elementor-widget-spacer\" data-id=\"be8b829\" data-element_type=\"widget\" data-widget_type=\"spacer.default\">\n\t\t\t\t<div class=\"elementor-widget-container\">\n\t\t\t\t\t\t\t<div class=\"elementor-spacer\">\n\t\t\t<div class=\"elementor-spacer-inner\"><\/div>\n\t\t<\/div>\n\t\t\t\t\t\t<\/div>\n\t\t\t\t<\/div>\n\t\t\t\t<div class=\"elementor-element elementor-element-eedeb9f elementor-widget elementor-widget-heading\" data-id=\"eedeb9f\" data-element_type=\"widget\" data-widget_type=\"heading.default\">\n\t\t\t\t<div class=\"elementor-widget-container\">\n\t\t\t\t\t<h2 class=\"elementor-heading-title elementor-size-default\">Domina tu entorno con KVM sobre IP de VuWall<\/h2>\t\t\t\t<\/div>\n\t\t\t\t<\/div>\n\t\t\t\t<div class=\"elementor-element elementor-element-9be39da elementor-widget elementor-widget-text-editor\" data-id=\"9be39da\" data-element_type=\"widget\" data-widget_type=\"text-editor.default\">\n\t\t\t\t<div class=\"elementor-widget-container\">\n\t\t\t\t\t\t\t\t\t<h6 data-start=\"64\" data-end=\"152\"><span class=\"relative -mx-px my-[-0.2rem] rounded px-px py-[0.2rem] transition-colors duration-100 ease-in-out\">Control total, baja latencia y m\u00e1xima seguridad para centros de mando, salas de control y m\u00e1s. <\/span><\/h6><h6 data-start=\"64\" data-end=\"152\"><em data-start=\"0\" data-end=\"114\" data-is-last-node=\"\" data-is-only-node=\"\">Conecta, administra y controla m\u00faltiples estaciones desde una \u00fanica consola PC\/KVM, todo sobre tu red existente.<\/em><\/h6>\t\t\t\t\t\t\t\t<\/div>\n\t\t\t\t<\/div>\n\t\t\t\t<div class=\"elementor-element elementor-element-877a931 elementor-widget elementor-widget-spacer\" data-id=\"877a931\" data-element_type=\"widget\" data-widget_type=\"spacer.default\">\n\t\t\t\t<div class=\"elementor-widget-container\">\n\t\t\t\t\t\t\t<div class=\"elementor-spacer\">\n\t\t\t<div class=\"elementor-spacer-inner\"><\/div>\n\t\t<\/div>\n\t\t\t\t\t\t<\/div>\n\t\t\t\t<\/div>\n\t\t\t\t\t<\/div>\n\t\t\t\t<\/div>\n\t\t<div class=\"elementor-element elementor-element-a6f8f00 e-flex e-con-boxed e-con e-parent\" data-id=\"a6f8f00\" data-element_type=\"container\">\n\t\t\t\t\t<div class=\"e-con-inner\">\n\t\t\t\t<div class=\"elementor-element elementor-element-95a757d elementor-widget elementor-widget-text-editor\" data-id=\"95a757d\" data-element_type=\"widget\" data-widget_type=\"text-editor.default\">\n\t\t\t\t<div class=\"elementor-widget-container\">\n\t\t\t\t\t\t\t\t\t<h2 data-start=\"623\" data-end=\"650\">\u00bfQu\u00e9 es KVM sobre IP?<\/h2><p data-start=\"652\" data-end=\"919\">KVM sobre IP permite controlar varias fuentes o computadoras desde una \u00fanica estaci\u00f3n, a trav\u00e9s de la red.<br data-start=\"783\" data-end=\"786\" \/><strong data-start=\"786\" data-end=\"919\">Con VuWall, esta tecnolog\u00eda se integra de forma nativa con su ecosistema de video walls, gesti\u00f3n AV y visualizaci\u00f3n centralizada.<\/strong><\/p><p data-start=\"921\" data-end=\"943\"><strong data-start=\"924\" data-end=\"943\">Ventajas:<\/strong><\/p><ul data-start=\"944\" data-end=\"1091\"><li data-start=\"944\" data-end=\"973\"><p data-start=\"946\" data-end=\"973\">Reducci\u00f3n de hardware local<\/p><\/li><li data-start=\"974\" data-end=\"1001\"><p data-start=\"976\" data-end=\"1001\">Mayor seguridad operativa<\/p><\/li><li data-start=\"1002\" data-end=\"1034\"><p data-start=\"1004\" data-end=\"1034\">Flujo de trabajo m\u00e1s eficiente<\/p><\/li><li data-start=\"1035\" data-end=\"1091\"><p data-start=\"1037\" data-end=\"1091\">Acceso a m\u00faltiples fuentes con un solo teclado y mouse<\/p><\/li><\/ul>\t\t\t\t\t\t\t\t<\/div>\n\t\t\t\t<\/div>\n\t\t\t\t\t<\/div>\n\t\t\t\t<\/div>\n\t\t<div class=\"elementor-element elementor-element-f228152 e-grid e-con-boxed e-con e-parent\" data-id=\"f228152\" data-element_type=\"container\" data-settings=\"{&quot;background_background&quot;:&quot;classic&quot;}\">\n\t\t\t\t\t<div class=\"e-con-inner\">\n\t\t\t\t<div class=\"elementor-element elementor-element-cbc082a elementor-widget elementor-widget-image\" data-id=\"cbc082a\" data-element_type=\"widget\" data-widget_type=\"image.default\">\n\t\t\t\t<div class=\"elementor-widget-container\">\n\t\t\t\t\t\t\t\t\t\t\t\t\t\t\t<img decoding=\"async\" width=\"208\" height=\"164\" src=\"https:\/\/fixpagprueba.fixgroup.net\/wp-content\/uploads\/2025\/07\/150-removebg-preview.png\" class=\"attachment-large size-large wp-image-163\" alt=\"\" \/>\t\t\t\t\t\t\t\t\t\t\t\t\t\t\t<\/div>\n\t\t\t\t<\/div>\n\t\t\t\t<div class=\"elementor-element elementor-element-7c057be elementor-widget elementor-widget-text-editor\" data-id=\"7c057be\" data-element_type=\"widget\" data-widget_type=\"text-editor.default\">\n\t\t\t\t<div class=\"elementor-widget-container\">\n\t\t\t\t\t\t\t\t\t<h3 data-start=\"1136\" data-end=\"1161\"><strong data-start=\"1143\" data-end=\"1159\">VuStream 150<\/strong><\/h3><h3 data-start=\"1136\" data-end=\"1161\"><strong data-start=\"1164\" data-end=\"1221\" style=\"font-size: 18px;\">Codificador compacto H.264 4K60, econ\u00f3mico y vers\u00e1til<\/strong><\/h3><p data-start=\"1223\" data-end=\"1397\">Ideal para aplicaciones donde se requiere alta calidad de video con un consumo m\u00ednimo de red.<br data-start=\"1316\" data-end=\"1319\" \/>Compatible con NDI|HX, decodificadores VuScape, nodos PAK y software como VLC.<\/p><p data-start=\"1399\" data-end=\"1431\">Caracter\u00edsticas:<\/p><ul data-start=\"1432\" data-end=\"1651\"><li data-start=\"1432\" data-end=\"1469\"><p data-start=\"1434\" data-end=\"1469\">Resoluci\u00f3n hasta 3840\u00d72160\u202f@60\u202fHz<\/p><\/li><li data-start=\"1470\" data-end=\"1516\"><p data-start=\"1472\" data-end=\"1516\">Compresi\u00f3n H.264 con 4:2:0 \/ 4:2:2 \/ 4:4:4<\/p><\/li><li data-start=\"1517\" data-end=\"1551\"><p data-start=\"1519\" data-end=\"1551\">Bajo ancho de banda y latencia<\/p><\/li><li data-start=\"1552\" data-end=\"1577\"><p data-start=\"1554\" data-end=\"1577\">PoE y dise\u00f1o compacto<\/p><\/li><li data-start=\"1578\" data-end=\"1617\"><p data-start=\"1580\" data-end=\"1617\">Soporte para HDMI + audio anal\u00f3gico<\/p><\/li><li data-start=\"1618\" data-end=\"1651\"><p data-start=\"1620\" data-end=\"1651\">Interfaz web de configuraci\u00f3n<\/p><\/li><\/ul>\t\t\t\t\t\t\t\t<\/div>\n\t\t\t\t<\/div>\n\t\t\t\t\t<\/div>\n\t\t\t\t<\/div>\n\t\t<div class=\"elementor-element elementor-element-d24415b e-grid e-con-boxed e-con e-parent\" data-id=\"d24415b\" data-element_type=\"container\">\n\t\t\t\t\t<div class=\"e-con-inner\">\n\t\t\t\t<div class=\"elementor-element elementor-element-b3076ec elementor-widget elementor-widget-image\" data-id=\"b3076ec\" data-element_type=\"widget\" data-widget_type=\"image.default\">\n\t\t\t\t<div class=\"elementor-widget-container\">\n\t\t\t\t\t\t\t\t\t\t\t\t\t\t\t<img decoding=\"async\" width=\"242\" height=\"145\" src=\"https:\/\/fixpagprueba.fixgroup.net\/wp-content\/uploads\/2025\/07\/220.png\" class=\"attachment-large size-large wp-image-161\" alt=\"\" \/>\t\t\t\t\t\t\t\t\t\t\t\t\t\t\t<\/div>\n\t\t\t\t<\/div>\n\t\t\t\t<div class=\"elementor-element elementor-element-feb99b3 elementor-widget elementor-widget-text-editor\" data-id=\"feb99b3\" data-element_type=\"widget\" data-widget_type=\"text-editor.default\">\n\t\t\t\t<div class=\"elementor-widget-container\">\n\t\t\t\t\t\t\t\t\t<h3 data-start=\"1690\" data-end=\"1727\"><strong data-start=\"1697\" data-end=\"1725\">VuStream E220-2 \/ E240-2<\/strong><\/h3><h3 data-start=\"1690\" data-end=\"1727\"><strong data-start=\"1730\" data-end=\"1823\" style=\"font-size: 18px;\">Codificadores HDMI multipuerto con soporte de hasta 4 entradas y transmisi\u00f3n H.264 segura<\/strong><\/h3><p data-start=\"1825\" data-end=\"1945\">Dise\u00f1ados para integraciones AV exigentes, ofrecen transmisi\u00f3n fluida de m\u00faltiples se\u00f1ales 4K\/UHD sobre red IP est\u00e1ndar.<\/p><p data-start=\"1947\" data-end=\"1960\"><strong>E220-2:<\/strong><\/p><ul data-start=\"1961\" data-end=\"2163\"><li data-start=\"1961\" data-end=\"1988\"><p data-start=\"1963\" data-end=\"1988\">2 entradas HDMI 4K@60Hz<\/p><\/li><li data-start=\"1989\" data-end=\"2037\"><p data-start=\"1991\" data-end=\"2037\">Streaming H.264 configurable (4:4:4 y 4:2:0)<\/p><\/li><li data-start=\"2038\" data-end=\"2089\"><p data-start=\"2040\" data-end=\"2089\">Codificaci\u00f3n multi-perfil y protocolos RTSP\/RTP<\/p><\/li><li data-start=\"2090\" data-end=\"2130\"><p data-start=\"2092\" data-end=\"2130\">Modo pass-through con audio embebido<\/p><\/li><li data-start=\"2131\" data-end=\"2163\"><p data-start=\"2133\" data-end=\"2163\">Hasta 125\u202fMbps configurables<\/p><\/li><\/ul><p data-start=\"2165\" data-end=\"2178\"><strong>E240-2:<\/strong><\/p><ul data-start=\"2179\" data-end=\"2365\"><li data-start=\"2179\" data-end=\"2204\"><p data-start=\"2181\" data-end=\"2204\">Hasta 4 entradas HDMI<\/p><\/li><li data-start=\"2205\" data-end=\"2271\"><p data-start=\"2207\" data-end=\"2271\">Ideal para entornos donde se necesita alta densidad de se\u00f1ales<\/p><\/li><li data-start=\"2272\" data-end=\"2327\"><p data-start=\"2274\" data-end=\"2327\">Soporta resoluciones m\u00faltiples y perfiles avanzados<\/p><\/li><li data-start=\"2328\" data-end=\"2365\"><p data-start=\"2330\" data-end=\"2365\">Compatible con TRx, VuScape y VLC<\/p><\/li><\/ul>\t\t\t\t\t\t\t\t<\/div>\n\t\t\t\t<\/div>\n\t\t\t\t\t<\/div>\n\t\t\t\t<\/div>\n\t\t<div class=\"elementor-element elementor-element-3e5cdf8 e-grid e-con-boxed e-con e-parent\" data-id=\"3e5cdf8\" data-element_type=\"container\" data-settings=\"{&quot;background_background&quot;:&quot;classic&quot;}\">\n\t\t\t\t\t<div class=\"e-con-inner\">\n\t\t\t\t<div class=\"elementor-element elementor-element-6735ae7 elementor-widget elementor-widget-image\" data-id=\"6735ae7\" data-element_type=\"widget\" data-widget_type=\"image.default\">\n\t\t\t\t<div class=\"elementor-widget-container\">\n\t\t\t\t\t\t\t\t\t\t\t\t\t\t\t<img decoding=\"async\" width=\"199\" height=\"148\" src=\"https:\/\/fixpagprueba.fixgroup.net\/wp-content\/uploads\/2025\/07\/350-removebg-preview.png\" class=\"attachment-large size-large wp-image-164\" alt=\"\" \/>\t\t\t\t\t\t\t\t\t\t\t\t\t\t\t<\/div>\n\t\t\t\t<\/div>\n\t\t\t\t<div class=\"elementor-element elementor-element-affbc9e elementor-widget elementor-widget-text-editor\" data-id=\"affbc9e\" data-element_type=\"widget\" data-widget_type=\"text-editor.default\">\n\t\t\t\t<div class=\"elementor-widget-container\">\n\t\t\t\t\t\t\t\t\t<h3 data-start=\"2404\" data-end=\"2429\"><strong data-start=\"2411\" data-end=\"2427\">VuStream 350<\/strong><\/h3><h3 data-start=\"2404\" data-end=\"2429\"><strong data-start=\"2432\" data-end=\"2488\" style=\"font-size: 18px;\">Codificador KVM IP seguro, compacto y sin ventilador<\/strong><\/h3><p data-start=\"2490\" data-end=\"2721\">Dise\u00f1ado para estaciones de trabajo cr\u00edticas, este dispositivo permite <strong data-start=\"2561\" data-end=\"2605\">transmitir video, audio, teclado y rat\u00f3n<\/strong> sobre IP con cifrado AES\u2011256, ideal para ambientes donde se requiere control remoto total sin latencia perceptible.<\/p><p data-start=\"2723\" data-end=\"2755\">Caracter\u00edsticas:<\/p><ul><li data-start=\"2756\" data-end=\"2821\"><p data-start=\"2758\" data-end=\"2821\">Resoluci\u00f3n hasta 4096\u00d72160\u202f@30\u202fHz (4:2:0) o 1920\u00d71200 (4:4:4)<\/p><\/li><li data-start=\"2822\" data-end=\"2857\"><p data-start=\"2824\" data-end=\"2857\">Transmisi\u00f3n con cifrado AES-256<\/p><\/li><li data-start=\"2858\" data-end=\"2895\"><p data-start=\"2860\" data-end=\"2895\">Captura de video, audio y USB-HID<\/p><\/li><li data-start=\"2896\" data-end=\"2926\"><p data-start=\"2898\" data-end=\"2926\">Passthrough HDMI con audio<\/p><\/li><li data-start=\"2927\" data-end=\"2965\"><p data-start=\"2929\" data-end=\"2965\">Compatible con nodos KVM PAK 20\/40<\/p><\/li><li data-start=\"2966\" data-end=\"2994\"><p data-start=\"2968\" data-end=\"2994\">Administraci\u00f3n desde TRx<\/p><\/li><li data-start=\"2995\" data-end=\"3039\"><p data-start=\"2997\" data-end=\"3039\">Dise\u00f1o fanless y bajo consumo energ\u00e9tico<\/p><\/li><li data-start=\"3041\" data-end=\"3147\">Ideal para salas de control y centros de seguridad con operadores remotos<\/li><\/ul>\t\t\t\t\t\t\t\t<\/div>\n\t\t\t\t<\/div>\n\t\t\t\t\t<\/div>\n\t\t\t\t<\/div>\n\t\t<div class=\"elementor-element elementor-element-85aa64e e-flex e-con-boxed e-con e-parent\" data-id=\"85aa64e\" data-element_type=\"container\">\n\t\t\t\t\t<div class=\"e-con-inner\">\n\t\t\t\t<div class=\"elementor-element elementor-element-b403842 elementor-widget elementor-widget-html\" data-id=\"b403842\" data-element_type=\"widget\" data-widget_type=\"html.default\">\n\t\t\t\t<div class=\"elementor-widget-container\">\n\t\t\t\t\t<a href=\"https:\/\/fixpagprueba.fixgroup.net\/wp-content\/uploads\/2025\/07\/VuWall_VuStream_Datasheet-ES.pdf\" download class=\"boton-descarga\">Descargar Datasheets<\/a>\r\n\r\n<style>\r\n.boton-descarga {\r\n  display: inline-block;\r\n  padding: 10px 20px;\r\n  background-color: #0073aa;\r\n  color: white;\r\n  text-decoration: none;\r\n  border-radius: 5px;\r\n  font-weight: bold;\r\n}\r\n\r\n.boton-descarga:hover {\r\n  background-color: #005177;\r\n}\r\n<\/style>\r\n\t\t\t\t<\/div>\n\t\t\t\t<\/div>\n\t\t\t\t\t<\/div>\n\t\t\t\t<\/div>\n\t\t<div class=\"elementor-element elementor-element-94d7ddb e-grid e-con-boxed e-con e-parent\" data-id=\"94d7ddb\" data-element_type=\"container\">\n\t\t\t\t\t<div class=\"e-con-inner\">\n\t\t\t\t<div class=\"elementor-element elementor-element-7ec5793 elementor-widget elementor-widget-text-editor\" data-id=\"7ec5793\" data-element_type=\"widget\" data-widget_type=\"text-editor.default\">\n\t\t\t\t<div class=\"elementor-widget-container\">\n\t\t\t\t\t\t\t\t\t<h2 data-start=\"3154\" data-end=\"3188\">Gesti\u00f3n centralizada con TRx<\/h2><p data-start=\"3190\" data-end=\"3278\">Todos los codificadores VuStream son compatibles con la plataforma <strong data-start=\"3257\" data-end=\"3264\">TRx<\/strong>, que permite:<\/p><ul data-start=\"3280\" data-end=\"3510\"><li data-start=\"3280\" data-end=\"3324\"><p data-start=\"3282\" data-end=\"3324\">Control total desde una interfaz gr\u00e1fica<\/p><\/li><li data-start=\"3325\" data-end=\"3363\"><p data-start=\"3327\" data-end=\"3363\">Enrutamiento de video, audio y KVM<\/p><\/li><li data-start=\"3364\" data-end=\"3431\"><p data-start=\"3366\" data-end=\"3431\">Escenarios preconfigurados y control con panel t\u00e1ctil ControlVu<\/p><\/li><li data-start=\"3432\" data-end=\"3470\"><p data-start=\"3434\" data-end=\"3470\">Supervisi\u00f3n y configuraci\u00f3n remota<\/p><\/li><li data-start=\"3471\" data-end=\"3510\"><p data-start=\"3473\" data-end=\"3510\">Alta seguridad en redes segmentadas<\/p><\/li><\/ul>\t\t\t\t\t\t\t\t<\/div>\n\t\t\t\t<\/div>\n\t\t\t\t<div class=\"elementor-element elementor-element-a8503c9 elementor-widget elementor-widget-text-editor\" data-id=\"a8503c9\" data-element_type=\"widget\" data-widget_type=\"text-editor.default\">\n\t\t\t\t<div class=\"elementor-widget-container\">\n\t\t\t\t\t\t\t\t\t<h2 data-start=\"3517\" data-end=\"3535\">Casos de uso<\/h2><ul data-start=\"3537\" data-end=\"3741\"><li data-start=\"3537\" data-end=\"3579\"><p data-start=\"3539\" data-end=\"3579\">Salas de control y seguridad (SOC\/NOC)<\/p><\/li><li data-start=\"3580\" data-end=\"3611\"><p data-start=\"3582\" data-end=\"3611\">Centros de crisis y comando<\/p><\/li><li data-start=\"3612\" data-end=\"3660\"><p data-start=\"3614\" data-end=\"3660\">Corporaciones con acceso a m\u00faltiples fuentes<\/p><\/li><li data-start=\"3661\" data-end=\"3689\"><p data-start=\"3663\" data-end=\"3689\">Educaci\u00f3n y broadcasting<\/p><\/li><li data-start=\"3690\" data-end=\"3741\"><p data-start=\"3692\" data-end=\"3741\">Control remoto de entornos industriales o m\u00e9dicos<\/p><\/li><\/ul>\t\t\t\t\t\t\t\t<\/div>\n\t\t\t\t<\/div>\n\t\t\t\t\t<\/div>\n\t\t\t\t<\/div>\n\t\t<div class=\"elementor-element elementor-element-faa0036 e-flex e-con-boxed e-con e-parent\" data-id=\"faa0036\" data-element_type=\"container\" data-settings=\"{&quot;background_background&quot;:&quot;classic&quot;}\">\n\t\t\t\t\t<div class=\"e-con-inner\">\n\t\t\t\t<div class=\"elementor-element elementor-element-a42c1a5 elementor-widget elementor-widget-spacer\" data-id=\"a42c1a5\" data-element_type=\"widget\" data-widget_type=\"spacer.default\">\n\t\t\t\t<div class=\"elementor-widget-container\">\n\t\t\t\t\t\t\t<div class=\"elementor-spacer\">\n\t\t\t<div class=\"elementor-spacer-inner\"><\/div>\n\t\t<\/div>\n\t\t\t\t\t\t<\/div>\n\t\t\t\t<\/div>\n\t\t\t\t<div class=\"elementor-element elementor-element-093f312 elementor-widget elementor-widget-heading\" data-id=\"093f312\" data-element_type=\"widget\" data-widget_type=\"heading.default\">\n\t\t\t\t<div class=\"elementor-widget-container\">\n\t\t\t\t\t<h2 class=\"elementor-heading-title elementor-size-default\">\u00bfListo para transformar tu entorno de visualizaci\u00f3n?<\/h2>\t\t\t\t<\/div>\n\t\t\t\t<\/div>\n\t\t\t\t<div class=\"elementor-element elementor-element-7961db6 elementor-widget elementor-widget-text-editor\" data-id=\"7961db6\" data-element_type=\"widget\" data-widget_type=\"text-editor.default\">\n\t\t\t\t<div class=\"elementor-widget-container\">\n\t\t\t\t\t\t\t\t\t<p><br \/>Con los codificadores VuStream, puedes extender y controlar tus sistemas desde cualquier lugar de forma centralizada y segura. Hablemos de tu proyecto.<\/p>\t\t\t\t\t\t\t\t<\/div>\n\t\t\t\t<\/div>\n\t\t\t\t<div class=\"elementor-element elementor-element-28dfeb4 elementor-widget elementor-widget-spacer\" data-id=\"28dfeb4\" data-element_type=\"widget\" data-widget_type=\"spacer.default\">\n\t\t\t\t<div class=\"elementor-widget-container\">\n\t\t\t\t\t\t\t<div class=\"elementor-spacer\">\n\t\t\t<div class=\"elementor-spacer-inner\"><\/div>\n\t\t<\/div>\n\t\t\t\t\t\t<\/div>\n\t\t\t\t<\/div>\n\t\t\t\t\t<\/div>\n\t\t\t\t<\/div>\n\t\t\t\t<\/div>\n\t\t","protected":false},"excerpt":{"rendered":"<p>Domina tu entorno con KVM sobre IP de VuWall Control total, baja latencia y m\u00e1xima seguridad para centros de mando, salas de control y m\u00e1s. Conecta, administra y controla m\u00faltiples estaciones desde una \u00fanica consola PC\/KVM, todo sobre tu red existente. \u00bfQu\u00e9 es KVM sobre IP? KVM sobre IP permite [&hellip;]<\/p>\n","protected":false},"author":1,"featured_media":0,"parent":0,"menu_order":0,"comment_status":"closed","ping_status":"closed","template":"page-templates\/template-pagebuilder-full-width.php","meta":{"footnotes":""},"class_list":["post-102","page","type-page","status-publish","hentry"],"_links":{"self":[{"href":"https:\/\/fixpagprueba.fixgroup.net\/index.php?rest_route=\/wp\/v2\/pages\/102","targetHints":{"allow":["GET"]}}],"collection":[{"href":"https:\/\/fixpagprueba.fixgroup.net\/index.php?rest_route=\/wp\/v2\/pages"}],"about":[{"href":"https:\/\/fixpagprueba.fixgroup.net\/index.php?rest_route=\/wp\/v2\/types\/page"}],"author":[{"embeddable":true,"href":"https:\/\/fixpagprueba.fixgroup.net\/index.php?rest_route=\/wp\/v2\/users\/1"}],"replies":[{"embeddable":true,"href":"https:\/\/fixpagprueba.fixgroup.net\/index.php?rest_route=%2Fwp%2Fv2%2Fcomments&post=102"}],"version-history":[{"count":10,"href":"https:\/\/fixpagprueba.fixgroup.net\/index.php?rest_route=\/wp\/v2\/pages\/102\/revisions"}],"predecessor-version":[{"id":471,"href":"https:\/\/fixpagprueba.fixgroup.net\/index.php?rest_route=\/wp\/v2\/pages\/102\/revisions\/471"}],"wp:attachment":[{"href":"https:\/\/fixpagprueba.fixgroup.net\/index.php?rest_route=%2Fwp%2Fv2%2Fmedia&parent=102"}],"curies":[{"name":"wp","href":"https:\/\/api.w.org\/{rel}","templated":true}]}}